t g(n) = 3*k(n) - 4*s(n). Calculate g(-10).
46
Let q(f) = 3*f + 60. Suppose -74*w - 661 = 1263. What is q(w)?
-18
Let g(w) = 5*w - 14. Let x(b) = 7*b**2 - 42*b + 63. Let y be x(4). Give g(y).
21
Let j(h) be the third derivative of -2*h**4/3 - h**3/6 + 37*h**2. Let n = 694 - 695. Determine j(n).
15
Let l = 2134 + -2106. Let y(f) = f - 27. Give y(l).
1
Let f be (-138)/(-1587) - (-1)/23*481. Let o(v) = v**2 - 25*v + 71. Give o(f).
-13
Let j(r) = 5*r**2 + 15*r + 8. Let z = 38 - 42. Let n(k) = 9*k**2 + 29*k + 16. Let c(f) = z*n(f) + 7*j(f). Calculate c(-11).
-8
Let w = -31 + 30. Let z = w - 2. Let y(t) be the third derivative of t**4/3 - t**3/3 + 12*t**2 + 12. Calculate y(z).
-26
Let w(f) = -10*f**2 - 206*f - 887. Let y be w(-6). Let x(i) = -i**2 + 112. Calculate x(y).
-9
Let y = 40 + 644. Suppose -z = y - 685. Let h(x) = 17*x - 2*x + 3*x + 2*x - 1. Give h(z).
19
Let h(u) = -u**2 + 4. Let r(y) = 10*y**2 - 3*y - 3. Let a be (6 - 10)*2/8. Let i be r(a). Suppose -i = -3*t + 2, 4*s = 5*t - 8. What is h(s)?
-5
Let a(d) = d - 1. Let y(s) = -3*s. Let v(r) = 4*a(r) + y(r). Suppose 4*f + 10 = -3*o, -2*f + 2 = 9*o - 4*o. Determine v(f).
-8
Let p(x) = 8*x - 2. Suppose 0 = 2*f + 4*u - 114, -165 - 109 = -5*f + u. Suppose 0 = -223*c + 228*c - f. Suppose 0 = -4*h + 3 - c. Determine p(h).
-18
Let q(m) = 28*m - 2743. Let p be q(97). Let f(n) = -10*n - 271. Give f(p).
-1
Let b(i) be the third derivative of i**5/60 + i**4/12 - 4*i**3/3 - 1637*i**2. What is b(-5)?
7
Suppose 1208*a - 130 = 1234*a. Let h(l) = -l**3 + 6*l**2 + 57*l + 3. Give h(a).
-7
Let i(a) be the third derivative of -a**6/120 - a**5/30 + a**4/4 + a**3 - a**2. Let j(d) = -4*d - 4. Suppose 0*x - 3*x = -0*x. Let c be j(x). What is i(c)?
14
Let v(a) = -5 + 3*a**2 + 17 - 4*a**2 + 2. Let b = -86 + 97. Suppose j = 3*m + 9, -j + 1 + b = -4*m. Calculate v(j).
14
Let r(y) = 5*y - 39. Let g(s) = -2*s**2 - 200*s - 2541. Let w be g(-15). Calculate r(w).
6
Let d(h) = -19*h + 60. Let r be d(3). Let v(s) = -s**r + 0*s**2 - 27*s + 7*s**2 - 10 + 0*s**2 + 36*s. Determine v(8).
-2
Let w(u) = -u**2 + 18*u - 26. Let k be w(14). Let y be 72/k + 3/5. Let n(g) = 9*g + 6 - 19*g - 11 - g**y - 9*g**2. Determine n(-8).
11
Let w(z) be the first derivative of -2*z - 7/2*z**2 - 5. Suppose -48 = 7*a - 23*a. Calculate w(a).
-23
Let k = 154 - 152. Let s(j) = 0*j + j + 2*j - 7 + k*j - j. Calculate s(-7).
-35
Let h be (0 - (-4 + 3)) + -1. Suppose k - 33 = -5*u, 4*u - 4*k + h*k - 36 = 0. Let b(x) = x + 3. Let q(a) = -a - 3. Let l(s) = 2*b(s) + 3*q(s). Determine l(u).
-10
Let l(o) be the third derivative of 101*o**4/24 + 91*o**3/6 + 6524*o**2. Calculate l(-1).
-10
Let q(a) = -a - 10. Let w be (-36)/((-2)/8*1). Let c = -154 + w. Calculate q(c).
0
Let j(c) be the first derivative of -c**6/120 - c**5/6 - c**4/3 + 11*c**3/6 + 64*c**2 - 83. Let y(s) be the second derivative of j(s). Calculate y(-9).
2
Let b(n) = n**2 + n + 1. Let h(w) = w**3 - w**2 + w + 7. Let s(x) = -2*b(x) + h(x). Let z be (-90)/(-27) - (-2)/3. Determine s(z).
17
Let x(l) = -115*l - 110*l + 334*l - 112*l. Determine x(-10).
30
Suppose -3*l + 31716 = -6*y + 10*y, -l + 4*y = -10572. Let u(t) = l*t - 10575*t + t**2 + t**2 + 2. What is u(2)?
4
Suppose 146*s - 2492 + 77 = 943. Let v(z) = -z**3 + 23*z**2 + 3*z - 24. Calculate v(s).
45
Let f(m) = 6*m - 7*m**2 - m**3 + 0*m**3 + 0*m + 1871 - 1885. Give f(-8).
2
Let d(i) be the first derivative of -3/2*i**2 + 48 + 0*i. Let g = 27 - 24. What is d(g)?
-9
Suppose 130*m - 147*m = -51. Let k(a) be the first derivative of 5 - m*a - a**2 + 2/3*a**3. Calculate k(3).
9
Let j(z) = -z**2 - 21*z - 42. Suppose -22*b - 3*i + 120 = -29*b, -3*i - 60 = 3*b. Calculate j(b).
12
Let d(t) = -t**2 - 2*t + 4. Let n(x) = x**3 + 6*x**2 - 2*x + 31. Let f be 28/(-6)*(-6)/(-4). Let r be n(f). What is d(r)?
-4
Let n = 10002 + -10004. Let h(x) = 19*x**2 - 4*x - 5. Calculate h(n).
79
Let p(c) = c**3 - 8*c**2 - 10*c - 13. Let o(k) = -k**2 - 35*k - 121. Let j be o(-31). Suppose -2*t + 13 = 5*r, -4*t + 17 = -j*r - 22. Determine p(t).
-22
Let x be 9*((0 - 78/(-18)) + -4). Suppose -4*t = -9*t + 10. Let z(n) = 0*n**x - 44*n + 3*n**t + 47*n + 3*n**3 + 2. Determine z(-2).
-16
Let d(t) = t**3 - 5*t**2 - t - 4. Let s(a) = a**3 + 15*a**2 - 17*a - 11. Let r(j) = -52*j. Let g be r(1). Let p = g + 36. Let m be s(p). Give d(m).
-9
Let j(g) = -162*g + 9. Let z(m) = 32*m. Let c(n) = j(n) + 5*z(n). Let d(x) = -x**2 + 7*x + 1. Let b be 6/(-15) + 96/15. Let w be d(b). Determine c(w).
-5
Let a(o) be the first derivative of o**3/3 - 5*o**2/2 - 8506. Let v = 2 + 3. Calculate a(v).
0
Suppose -20 = -2*p + 2*f, 4*p - 3 = -4*f + 21. Let w(b) = -49 + 4*b + p + 22 - 3*b. Give w(13).
-6
Let u(k) = -k**3 + 6*k**2 + k - 4. Suppose -5*t + 267 = o - 5, 5*t - 260 = -5*o. Let i = 61 - t. Determine u(i).
2
Let s(z) = 4*z**2 - z + 1. Let r = 14 - 14. Suppose 0 = -5*p + 2*o + 6, 5*p - o - 4 + 1 = r. Suppose p = -7*q + 2 + 5. Calculate s(q).
4
Let k be ((-4)/20)/(1/(-15)). Suppose k = -3*p + 4*d - 4, -5*p - 5*d + 35 = 0. Let u(x) = p*x**3 + 2 + 2 + 4*x**2 - 4*x**3. Determine u(4).
4
Let m(i) = i**3 - 4*i**2 - i - 1. Let y = -6974 + 6977. Determine m(y).
-13
Let v(r) be the first derivative of -r**4/4 - 7*r**3/3 - 7*r**2 + 6*r - 250. What is v(-6)?
54
Let q(u) be the first derivative of u**3/3 - u**2/2 - 22*u - 1011. Calculate q(5).
-2
Suppose -5*y = -10*y + 15. Suppose 0 = -8*m + 86 + 298. Let i(b) = -2*b - m*b**2 + 47*b**2 + 3 + 3*b. What is i(y)?
-3
Let w(h) = -h + 8. Let z(d) be the second derivative of d**4/12 - 5*d**3/3 + 2*d**2 - 41*d. Let j be z(8). Let f be -3 - (-5)/(-2)*j/3. What is w(f)?
1
Let u = -280 - -285. Let q(a) = -21*a**2 + u - 8*a - 17*a**2 + 44*a**2 + 6*a - a**3. Determine q(6).
-7
Let b(m) = m**2 + m + 16. Let t be b(-4). Suppose -6*d - t - 8 = 0. Let o(u) = 2 + 4 - u + 2*u. Calculate o(d).
0
Let l(z) = -7*z**3 - 4*z**2 - 3*z + 2. Suppose 5*r = 4*v + 9, -47 = 4*v - 23. Determine l(r).
164
Suppose 10 = 3*c - 2*c. Let o(y) = -11*y + y**3 + c*y + 0*y**3 - y**2. Determine o(0).
0
Let x(b) be the second derivative of -b**5/20 + b**3/3 + 3*b**2/2 - 2*b - 7. Give x(4).
-53
Suppose -5*t - 1 = 536*b - 532*b, 5*t = -3*b - 2. Let o(p) = 7*p**2 - 4*p - 2. Determine o(b).
1
Let k(a) = 1718855 + 3*a + 9*a - 1718863 + 10*a - 9*a. Give k(3).
31
Let l(u) be the first derivative of -u**4/4 + 7*u**3/3 - 21*u**2/2 + 21*u + 86. Let z be l(4). Let h(y) = y**3 + 16*y**2 + 15*y + 12. Determine h(z).
12
Let w(h) = -h**3 - 6*h**2 - 2*h - 5. Suppose -6*s - 146 = -470. Suppose s = 9*i - 18*i. Calculate w(i).
7
Let h(f) = -3*f**2 + f + 1. Suppose -l - 3*a = -10, 0 = -2*l - 2*a + 6*a - 10. Let k be (0/(-2))/(1 + l) + 2. Calculate h(k).
-9
Let n(o) be the first derivative of 1/2*o**2 + 68 - 2*o. Determine n(-6).
-8
Let w(q) = -102*q**3 - 2*q**2 - 2*q + 3. Suppose 4*v + 1 = -38*g + 37*g, -6*v - 9 = 3*g. What is w(v)?
-103
Let h(b) = -b**2 - 12*b - 13. Let m(x) = x**3 - 3*x**2 - 9*x + 14. Let u be m(4). Let r be u + (4 - 3) + -6. What is h(r)?
-2
Let d be 1/4 - (-78)/8. Let k(p) = -p**3 + 92*p**2 - 10*p + 921. Let t be k(92). Let s(j) = d + 2*j + t - 9. Calculate s(-3).
-4
Let u(z) = -143*z + 291. Let x be u(2). Let a(t) = 3*t**3 - 9*t**2 - 6*t + 5. What is a(x)?
125
Let b(v) = -v**2 - 20*v + 37. Let n be b(-22). Let j(p) = p - 7. Let x(w) = -5*w + 15 + 5*w - 2*w - w. Let z(c) = -14*j(c) - 6*x(c). Calculate z(n).
-20
Suppose 3*a + 81 - 78 = 2*t, 25 = -5*a. Let c(i) = -6*i - 36. Give c(t).
0
Let u(f) = 4*f - 164. Suppose 1204 = 7*z + 21*z. Give u(z).
8
Suppose 13*u - 23*u + 30 = 0. Let x(g) = 7*g**2 - 19*g**u + 31*g**3 - 6 - 11*g**3 + 2*g. Let h be (-1)/((-7)/(-6))*7. What is x(h)?
18
Let k(l) be the third derivative of -l**5/60 + 7*l**4/6 - 25*l**3/6 + 57*l**2 - l - 6. Determine k(27).
2
Let v(q) be the second derivative of -53*q + 1/2*q**2 - 1/12*q**4 + 1/6*q**3 + 0. Give v(2).
-1
Let j(m) be the first derivative of -m**5/20 + m**2/2 + 43*m + 18. Let n(c) be the first derivative of j(c). Give n(2).
-7
Let w(l) = l**3 - 5*l**2 + 2*l - 2. Let z(b) = -b**3 + 10*b**2 - 17*b + 8. Let j be z(8). Suppose j = 5*a - 62 - 43. Suppose a = 4*t + 5. Determine w(t).
-10
Let n(x) = 78*x - 82. Let h(m) = -19*m + 6. Let a(k) = 4*h(k) + n(k). Calculate a(-7).
-72
Let j(y) = 2*y**2 - 12*y + 4. Let v = -2607 + 2616. Give j(v).
58